{"id":142,"date":"2016-02-22T05:59:35","date_gmt":"2016-02-22T03:59:35","guid":{"rendered":"http:\/\/cthcgorj.ro\/wordpress\/?page_id=142"},"modified":"2022-02-18T13:21:27","modified_gmt":"2022-02-18T11:21:27","slug":"limba-romana","status":"publish","type":"page","link":"https:\/\/www.cthcgorj.ro\/index.php\/resurse-umane\/limba-romana\/","title":{"rendered":"Limba rom\u00e2n\u0103"},"content":{"rendered":"<p>prof. M\u0103tr\u0103guna Claudia<\/p>\n","protected":false},"excerpt":{"rendered":"<p>prof. M\u0103tr\u0103guna Claudia<\/p>\n","protected":false},"author":1,"featured_media":0,"parent":119,"menu_order":0,"comment_status":"closed","ping_status":"closed","template":"","meta":{"footnotes":""},"class_list":["post-142","page","type-page","status-publish","hentry"],"_links":{"self":[{"href":"https:\/\/www.cthcgorj.ro\/index.php\/wp-json\/wp\/v2\/pages\/142","targetHints":{"allow":["GET"]}}],"collection":[{"href":"https:\/\/www.cthcgorj.ro\/index.php\/wp-json\/wp\/v2\/pages"}],"about":[{"href":"https:\/\/www.cthcgorj.ro\/index.php\/wp-json\/wp\/v2\/types\/page"}],"author":[{"embeddable":true,"href":"https:\/\/www.cthcgorj.ro\/index.php\/wp-json\/wp\/v2\/users\/1"}],"replies":[{"embeddable":true,"href":"https:\/\/www.cthcgorj.ro\/index.php\/wp-json\/wp\/v2\/comments?post=142"}],"version-history":[{"count":4,"href":"https:\/\/www.cthcgorj.ro\/index.php\/wp-json\/wp\/v2\/pages\/142\/revisions"}],"predecessor-version":[{"id":1336,"href":"https:\/\/www.cthcgorj.ro\/index.php\/wp-json\/wp\/v2\/pages\/142\/revisions\/1336"}],"up":[{"embeddable":true,"href":"https:\/\/www.cthcgorj.ro\/index.php\/wp-json\/wp\/v2\/pages\/119"}],"wp:attachment":[{"href":"https:\/\/www.cthcgorj.ro\/index.php\/wp-json\/wp\/v2\/media?parent=142"}],"curies":[{"name":"wp","href":"https:\/\/api.w.org\/{rel}","templated":true}]}}