{"id":211,"date":"2016-06-13T11:31:00","date_gmt":"2016-06-13T09:31:00","guid":{"rendered":"http:\/\/cthcgorj.ro\/wordpress\/?page_id=211"},"modified":"2020-11-27T11:29:03","modified_gmt":"2020-11-27T09:29:03","slug":"oferta-educationala-2016-2017","status":"publish","type":"page","link":"https:\/\/www.cthcgorj.ro\/index.php\/oferta-educationala-2016-2017\/","title":{"rendered":"Proiect Erasmus+ ,, Students for Europe!\u201d"},"content":{"rendered":"<p><a href=\"http:\/\/cthcgorj.ro\/index.php\/oferta-educationala-2016-2017\/cv-in-format-european\/\" rel=\"attachment wp-att-960\">CV in format european<br \/>\n<\/a><a href=\"http:\/\/cthcgorj.ro\/index.php\/oferta-educationala-2016-2017\/acord-parinte-reprezentant-legal\/\" rel=\"attachment wp-att-961\">Acord parinte-reprezentant legal<br \/>\n<\/a><a href=\"http:\/\/cthcgorj.ro\/index.php\/oferta-educationala-2016-2017\/declaratie-de-consimtamant-prelucrare-date\/\" rel=\"attachment wp-att-962\">Declara\u021bie de consim\u021b\u0103m\u00e2nt prelucrare date<br \/>\n<\/a><a href=\"http:\/\/cthcgorj.ro\/index.php\/oferta-educationala-2016-2017\/documente-necesare-de-inscriere-concurs-selectie-erasmus\/\" rel=\"attachment wp-att-956\">DOCUMENTE NECESARE DE \u00ceNSCRIERE CONCURS SELEC\u021aIE ERASMUS<br \/>\n+<\/a><a href=\"http:\/\/cthcgorj.ro\/index.php\/oferta-educationala-2016-2017\/cerere-inscriere-concurs-selectie-erasmus\/\" rel=\"attachment wp-att-958\">cerere inscriere concurs selectie erasmus<br \/>\n<\/a><a href=\"http:\/\/cthcgorj.ro\/index.php\/oferta-educationala-2016-2017\/anunt-preselectie-erasms\/\" rel=\"attachment wp-att-949\">Anunt preselectie proiect ,,Students for Europe!\u201d<br \/>\n<\/a><a href=\"http:\/\/cthcgorj.ro\/index.php\/oferta-educationala-2016-2017\/despre-proiect-students-for-europe\/\" rel=\"attachment wp-att-897\">Despre proiect Students for Europe<\/a><br \/>\n<a href=\"http:\/\/cthcgorj.ro\/index.php\/oferta-educationala-2016-2017\/rezultate-selectie-proiect-scanat\/\" rel=\"attachment wp-att-991\">Rezultate selec\u021bie proiect -scanat<\/a><\/p>\n","protected":false},"excerpt":{"rendered":"<p>CV in format european Acord parinte-reprezentant legal Declara\u021bie de consim\u021b\u0103m\u00e2nt prelucrare date DOCUMENTE NECESARE DE \u00ceNSCRIERE CONCURS SELEC\u021aIE ERASMUS +cerere inscriere concurs selectie erasmus Anunt preselectie proiect ,,Students for Europe!\u201d Despre proiect Students for Europe Rezultate selec\u021bie proiect -scanat<\/p>\n","protected":false},"author":1,"featured_media":0,"parent":0,"menu_order":0,"comment_status":"closed","ping_status":"closed","template":"","meta":{"footnotes":""},"class_list":["post-211","page","type-page","status-publish","hentry"],"_links":{"self":[{"href":"https:\/\/www.cthcgorj.ro\/index.php\/wp-json\/wp\/v2\/pages\/211","targetHints":{"allow":["GET"]}}],"collection":[{"href":"https:\/\/www.cthcgorj.ro\/index.php\/wp-json\/wp\/v2\/pages"}],"about":[{"href":"https:\/\/www.cthcgorj.ro\/index.php\/wp-json\/wp\/v2\/types\/page"}],"author":[{"embeddable":true,"href":"https:\/\/www.cthcgorj.ro\/index.php\/wp-json\/wp\/v2\/users\/1"}],"replies":[{"embeddable":true,"href":"https:\/\/www.cthcgorj.ro\/index.php\/wp-json\/wp\/v2\/comments?post=211"}],"version-history":[{"count":19,"href":"https:\/\/www.cthcgorj.ro\/index.php\/wp-json\/wp\/v2\/pages\/211\/revisions"}],"predecessor-version":[{"id":990,"href":"https:\/\/www.cthcgorj.ro\/index.php\/wp-json\/wp\/v2\/pages\/211\/revisions\/990"}],"wp:attachment":[{"href":"https:\/\/www.cthcgorj.ro\/index.php\/wp-json\/wp\/v2\/media?parent=211"}],"curies":[{"name":"wp","href":"https:\/\/api.w.org\/{rel}","templated":true}]}}